6) in base 15?
-9c
What is 5 (base 15) in base 7?
5
What is -9 (base 16) in base 6?
-13
What is 13 (base 9) in base 11?
11
What is -12 (base 3) in base 10?
-5
What is 67 (base 10) in base 4?
1003
2 (base 6) to base 15
2
What is 0 (base 12) in base 15?
0
28 (base 15) to base 13
2c
Convert 1 (base 3) to base 8.
1
-2 (base 7) to base 3
-2
What is -2 (base 4) in base 7?
-2
What is 1100 (base 3) in base 15?
26
-23 (base 5) to base 4
-31
What is -1 (base 9) in base 2?
-1
41 (base 9) to base 14
29
What is -21 (base 7) in base 3?
-120
43 (base 5) to base 4
113
What is -24 (base 15) in base 3?
-1021
What is -11 (base 4) in base 7?
-5
What is -10 (base 10) in base 9?
-11
What is -1013 (base 5) in base 3?
-11221
-4 (base 9) to base 2
-100
-1 (base 14) to base 11
-1
-2 (base 8) to base 5
-2
Convert 12 (base 5) to base 9.
7
What is 0 (base 10) in base 8?
0
What is -4 (base 9) in base 2?
-100
What is 12 (base 7) in base 10?
9
What is c2 (base 15) in base 9?
222
What is -133 (base 4) in base 2?
-11111
Convert 0 (base 8) to base 10.
0
Convert 111 (base 2) to base 5.
12
Convert -1 (base 13) to base 9.
-1
-10 (base 14) to base 3
-112
0 (base 8) to base 15
0
-124 (base 6) to base 14
-3a
Convert 53 (base 11) to base 15.
3d
57 (base 10) to base 5
212
13 (base 11) to base 14
10
What is 6 (base 16) in base 7?
6
0 (base 16) to base 12
0
212 (base 3) to base 9
25
Convert -2a (base 11) to base 14.
-24
What is -2a (base 14) in base 9?
-42
8 (base 12) to base 6
12
Convert 1321 (base 5) to base 2.
11010011
What is 16 (base 15) in base 7?
30
-3 (base 14) to base 8
-3
-2 (base 9) to base 10
-2
Convert 16 (base 14) to base 11.
19
Convert 8 (base 13) to base 10.
8
33 (base 14) to base 11
41
What is -5b (base 16) in base 2?
-1011011
Convert -2 (base 6) to base 7.
-2
Convert 10100 (base 2) to base 4.
110
What is -3 (base 14) in base 13?
-3
Convert 0 (base 13) to base 9.
0
Convert -5 (base 13) to base 8.
-5
Convert 3 (base 6) to base 5.
3
Convert 2 (base 12) to base 4.
2
134 (base 5) to base 10
44
4 (base 5) to base 11
4
-17f (base 16) to base 12
-27b
What is 3a (base 13) in base 6?
121
What is 19 (base 14) in base 12?
1b
-202 (base 4) to base 14
-26
What is 3 (base 6) in base 12?
3
Convert 8a (base 12) to base 8.
152
-11 (base 4) to base 12
-5
What is -10c (base 13) in base 14?
-cd
-20000 (base 3) to base 10
-162
-21 (base 11) to base 4
-113
What is -1 (base 7) in base 15?
-1
Convert -16 (base 8) to base 11.
-13
-13 (base 12) to base 14
-11
3 (base 9) to base 4
3
Convert -1100101 (base 2) to base 16.
-65
Convert 140 (base 6) to base 9.
66
What is 3 (base 11) in base 3?
10
Convert 62 (base 7) to base 5.
134
Convert 10 (base 6) to base 5.
11
8 (base 13) to base 7
11
-15 (base 9) to base 13
-11
What is 7 (base 10) in base 12?
7
-17 (base 13) to base 12
-18
Convert -4 (base 13) to base 8.
-4
-32 (base 15) to base 13
-38
What is -4 (base 10) in base 15?
-4
1001 (base 5) to base 13
99
What is -20 (base 4) in base 3?
-22
2 (base 14) to base 5
2
-1 (base 4) to base 16
-1
What is 2c (base 13) in base 8?
46
Convert 24 (base 16) to base 12.
30
What is 17 (base 8) in base 10?
15
e (base 16) to base 15
e
What is 22 (base 6) in base 3?
112
0 (base 15) to base 3
0
Convert -8 (base 14) to base 7.
-11
Convert -2 (base 16) to base 9.
-2
-10 (base 5) to base 4
-11
Convert 1231 (base 6) to base 8.
463
3c (base 14) to base 3
2000
Convert -1 (base 9) to base 12.
-1
What is 0 (base 8) in base 9?
0
What is -1f (base 16) in base 3?
-1011
Convert 12 (base 4) to base 5.
11
-9 (base 14) to base 4
-21
-103 (base 6) to base 5
-124
-10221 (base 3) to base 10
-106
What is -11 (base 5) in base 4?
-12
What is 1 (base 15) in base 8?
1
What is -24 (base 9) in base 2?
-10110
Convert 11011 (base 2) to base 13.
21
What is -100001 (base 2) in base 9?
-36
-aa (base 14) to base 15
-a0
-3 (base 9) to base 5
-3
450 (base 7) to base 13
14a
-3 (base 4) to base 5
-3
What is 2 (base 6) in base 2?
10
Convert 45 (base 10) to base 5.
140
541 (base 7) to base 10
274
What is -512 (base 6) in base 8?
-274
Convert 0 (base 8) to base 6.
0
63 (base 10) to base 2
111111
-d (base 15) to base 4
-31
What is 1 (base 13) in base 10?
1
Convert 4 (base 16) to base 2.
100
What is -12020 (base 3) in base 4?
-2031
Convert 0 (base 3) to base 2.
0
Convert 68 (base 12) to base 9.
88
-153 (base 6) to base 3
-2120
What is 29 (base 16) in base 11?
38
Convert -2 (base 16) to base 5.
-2
-1001110 (base 2) to base 11
-71
Convert -1 (base 5) to base 8.
-1
What is 118 (base 14) in base 15?
e8
What is -11 (base 11) in base 10?
-12
-b (base 15) to base 3
-102
What is 2 (base 12) in base 5?
2
-2 (base 16) to base 14
-2
What is 10 (base 2) in base 10?
2
What is 144 (base 9) in base 13?
94
What is 1011111 (base 2) in base 12?
7b
a (base 13) to base 16
a
What is 3 (base 14) in base 9?
3
Convert -8 (base 10) to base 4.
-20
Convert 3 (base 13) to base 10.
3
Convert -3 (base 8) to base 13.
-3
-11 (base 11) to base 3
-110
-2 (base 9) to base 2
-10
1233 (base 6) to base 9
373
What is 1111 (base 2) in base 10?
15
Convert 122 (base 4) to base 5.
101
Convert 10 (base 7) to base 5.
12
What is 30 (base 8) in base 5?
44
Convert -46 (base 9) to base 4.
-222
-24 (base 13) to base 6
-50
Convert 2 (base 16) to base 3.
2
Convert 145 (base 10) to base 12.
101
What is -6 (base 11) in base 9?
-6
What is 5 (base 10) in base 6?
5
143 (base 7) to base 13
62
Convert 2 (base 11) to base 13.
2
What is -11 (base 12) in base 11?
-12
What is 220 (base 4) in base 5?
130
102 (base 5) to base 11
25
What is 7 (base 8) in base 15?
7
What is 0 (base 6) in base 7?
0
Convert -27 (base 11) to base 5.
-104
-7 (base 12) to base 9
-7
Convert 6 (base 11) to base 6.
10
Convert -22 (base 3) to base 12.
-8
Convert -3 (base 7) to base 14.
-3
11100 (base 2) to base 12
24
What is 4 (base 14) in base 7?
4
18d (base 14) to base 16
141
Convert 6 (base 11) to base 4.
12
What is b7 (base 14) in base 4?
2201
-99 (base 13) to base 10
-126
What is 5 (base 8) in base 11?
5
-2 (base 8) to base 6
-2
Convert -8 (base 10) to base 4.
-20
Convert -2 (base 5) to base 14.
-2
What is -66 (base 9) in base 15?
-40
Convert -1 (base 13) to base 9.
-1
-24 (base 16) to base 5
-121
Convert -6 (base 16) to base 5.
-11
What is 3 (base 15) in base 9?
3
Convert 0 (base 16) to base 2.
0
What is -16 (base 12) in base 4?
-102
Convert -416 (base 8) to base 2.
-100001110
Convert 3 (base 16) to base 2.
11
What is -1132 (base 4) in base 5?
-334
Convert -15 (base 16) to base 15.
-16
87 (base 10) to base 4
1113
-4 (base 13) to base 5
-4
11111 (base 2) to base 14
23
Convert -3 (base 5) to base 6.
-3
What is -3 (base 14) in base 3?
-10
Convert -220 (base 4) to base 13.
-31
-1222 (base 3) to base 7
-104
What is -52 (base 10) in base 9?
-57
Convert 24 (base 11) to base 9.
28
What is -3 (base 16) in base 7?
-3
1100101 (base 2) to base 14
73
-31 (base 14) to base 6
-111
What is -255 (base 8) in base 5?
-1143
bb (base 13) to base 5
1104
What is 1 (base 8) in base 5?
1
-5 (base 6) to base 12
-5
What is 11111 (base 2) in base 11?
29
-2 (base 4) to base 5
-2
Convert 8 (base 16) to base 15.
8
0 (base 11) to base 13
0
Convert 3 (base 9) to base 6.
3
-3 (base 14) to base 11
-3
What is -13 (base 10) in base 14?
-d
-83 (base 12) to base 4
-1203
Convert -10101 (base 3) to base 4.
-1123
What is 13 (base 10) in base 15?
d
Convert -a (base 16) to base 10.
-10
-2b (base 12) to base 3
-1022
What is 5 (base 8) in base 16?
5
Convert 110 (base 8) to base 14.
52
Convert -20 (base 6) to base 7.
-15
What is -2e (base 15) in base 5?
-134
0 (base 5) to base 4
0
Convert 12 (base 14) to base 8.
20
Convert -2 (base 5) to base 11.
-2
What is 131 (base 4) in base 5?
104
-3 (base 13) to base 16
-3
Convert 4 (base 10) to base 4.
10
-3 (base 11) to base 8
-3
10 (base 2) to base 15
2
Convert 2 (base 3) to base 2.
10
What is -1 (base 12) in base 16?
-1
Convert 1 (base 6) to base 5.
1
What is -13 (base 4) in base 12?
-7
Convert 10 (base 4) to base 3.
11
Convert -1 (base 2) to base 14.
-1
3 (base 11) to base 7
3
What is -42 (base 12) in base 14?
-38
What is 2 (base 4) in base 16?
2
-1 (base 7) to base 8
-1
Convert 0 (base 6) to base 5.
0
What is -1 (base 7) in base 15?
-1
Convert -137 (base 14) to base 7.
-500
What is 33 (base 7) in base 8?
30
-113 (base 6) to base 4
-231
Convert 